101
What is 44455 (base 6) in base 10?
6227
Convert -14102 (base 10) to base 9.
-21308
Convert 11010001111011 (base 2) to base 14.
4c79
-1000001101000 (base 2) to base 3
-12202120
626 (base 14) to base 4
102322
What is -106146 (base 7) in base 4?
-10220010
Convert -2064 (base 9) to base 10.
-1516
Convert 172772 (base 8) to base 7.
351405
-3340 (base 5) to base 13
-2a2
Convert 2211101 (base 3) to base 6.
13314
What is -226 (base 12) in base 15?
-163
What is 1011110000 (base 2) in base 12?
528
Convert 878 (base 9) to base 11.
5a4
What is 202202 (base 6) in base 7?
64550
What is -2011201 (base 3) in base 16?
-631
What is -8934 (base 12) in base 14?
-574c
What is -6050 (base 8) in base 13?
-1555
33003 (base 4) to base 8
1703
Convert 10010110010001011 (base 2) to base 8.
226213
-2013142 (base 5) to base 16
-7e29
Convert -3033 (base 12) to base 10.
-5223
What is -5a240 (base 11) in base 4?
-111030101
What is 22021222 (base 3) in base 4?
1132133
What is 2000 (base 14) in base 6?
41224
Convert -32 (base 6) to base 2.
-10100
3203 (base 9) to base 16
930
545 (base 6) to base 5
1314
10131022 (base 4) to base 9
27027
Convert 76 (base 14) to base 15.
6e
What is 1 (base 13) in base 9?
1
What is -12210 (base 5) in base 9?
-1243
What is 2111 (base 7) in base 11?
616
-635 (base 15) to base 9
-1825
-30001 (base 4) to base 11
-63a
What is -4b2 (base 16) in base 5?
-14302
Convert 3143 (base 6) to base 2.
1011000111
Convert 1011001111 (base 2) to base 13.
434
-10310222 (base 4) to base 3
-1000002122
64641 (base 7) to base 4
3323211
Convert -5a0 (base 15) to base 16.
-4fb
What is 1324 (base 7) in base 16?
1fc
Convert b74 (base 16) to base 2.
101101110100
Convert -2012201 (base 3) to base 5.
-22422
101000111 (base 2) to base 13
1c2
1046 (base 14) to base 2
101011110110
What is 46611 (base 8) in base 7?
111604
-d6ca (base 15) to base 8
-130547
What is 202 (base 3) in base 16?
14
What is 1253 (base 7) in base 15?
21e
Convert -30a86 (base 12) to base 14.
-19338
What is -3113012 (base 4) in base 13?
-635c
What is -23444 (base 6) in base 12?
-1b84
Convert -135a0 (base 11) to base 10.
-19349
What is -23c (base 14) in base 3?
-121112
What is -565 (base 13) in base 10?
-928
11421 (base 7) to base 10
2955
-160c2 (base 13) to base 15
-c636
Convert -276a (base 14) to base 9.
-10476
2112 (base 10) to base 12
1280
-311 (base 7) to base 5
-1110
-4680 (base 9) to base 4
-312102
What is 319 (base 15) in base 13?
41a
Convert -101321 (base 4) to base 10.
-1145
12023 (base 4) to base 9
478
What is -733 (base 8) in base 4?
-13123
Convert -235254 (base 6) to base 11.
-14551
What is 8103 (base 12) in base 2?
11011010010011
1767 (base 14) to base 2
1000001101111
What is 12111201 (base 3) in base 5?
112030
Convert -34829 (base 10) to base 7.
-203354
Convert 34a08 (base 11) to base 13.
19c7c
What is 2045 (base 9) in base 8?
2733
Convert 2a702 (base 11) to base 7.
240436
Convert 22454 (base 7) to base 2.
1011001011011
What is 31302 (base 5) in base 14?
a85
Convert e7e (base 15) to base 5.
101034
Convert -2ab (base 16) to base 10.
-683
Convert -41320 (base 5) to base 16.
-a96
Convert -1001011001111110 (base 2) to base 4.
-21121332
What is -417 (base 15) in base 14?
-49c
What is 250 (base 14) in base 13?
297
186 (base 11) to base 13
137
Convert -609 (base 13) to base 12.
-713
What is -242321 (base 6) in base 13?
-98c8
-3ab (base 13) to base 5
-10043
Convert -1431 (base 7) to base 3.
-202210
What is 365 (base 10) in base 14?
1c1
What is 331303 (base 5) in base 6?
125005
What is -22233 (base 5) in base 13?
-938
Convert 6a63 (base 14) to base 12.
a867
What is -7190 (base 11) in base 5?
-301122
Convert -6398 (base 12) to base 3.
-112222022
-70af (base 16) to base 8
-70257
-1257a (base 12) to base 14
-9182
Convert -100211 (base 3) to base 16.
-109
What is 1010010111100 (base 2) in base 5?
132213
Convert -1000011100 (base 2) to base 7.
-1401
Convert 31002 (base 4) to base 11.
699
-3031 (base 6) to base 8
-1233
What is -15435 (base 6) in base 10?
-2543
Convert -10010111110110100 (base 2) to base 6.
-1355540
-1101222200 (base 3) to base 6
-332113
Convert 1010111111011 (base 2) to base 16.
15fb
Convert -481 (base 9) to base 12.
-291
What is 10014 (base 5) in base 15?
2c4
What is 1252 (base 8) in base 2?
1010101010
Convert 99c (base 13) to base 3.
2021010
What is -161 (base 16) in base 3?
-111002
What is b0 (base 15) in base 12?
119
-230001 (base 4) to base 7
-11133
Convert 46608 (base 9) to base 3.
1120200022
Convert -12a1 (base 13) to base 6.
-20202
What is 3142 (base 7) in base 16?
454
What is 20166 (base 8) in base 14?
3058
-1001020 (base 3) to base 7
-2136
Convert -1a6 (base 15) to base 13.
-234
Convert 5321 (base 15) to base 5.
1030311
What is 16 (base 7) in base 8?
15
Convert 40c (base 15) to base 7.
2442
-202 (base 13) to base 2
-101010100
-2a2 (base 16) to base 14
-362
-316 (base 10) to base 7
-631
What is -a40 (base 16) in base 15?
-b9e
What is -842 (base 11) in base 12?
-706
Convert 5b2 (base 12) to base 7.
2330
3093 (base 16) to base 7
51153
12110202 (base 3) to base 6
30245
Convert -8288 (base 9) to base 8.
-13672
What is -845a (base 15) in base 9?
-42344
Convert -1001011110010 (base 2) to base 14.
-1aa6
Convert -10100001101 (base 2) to base 13.
-786
What is -16131 (base 7) in base 14?
-1918
-454 (base 11) to base 2
-1000011111
-1100100110010010 (base 2) to base 11
-35851
752 (base 9) to base 7
1535
What is 75465 (base 9) in base 3?
2112112012
Convert 217 (base 13) to base 10.
358
6 (base 15) to base 4
12
Convert -2634 (base 12) to base 10.
-4360
What is -2632 (base 13) in base 2?
-1010101001001
What is -25296 (base 12) in base 4?
-30111102
-1320302 (base 5) to base 7
-136520
Convert 6a7 (base 12) to base 6.
4331
5420 (base 8) to base 4
230100
What is -68314 (base 9) in base 5?
-2423304
Convert -64 (base 13) to base 5.
-312
What is -2023021 (base 4) in base 8?
-21311
Convert 11202211 (base 3) to base 14.
13a6
Convert -30688 (base 9) to base 16.
-4f19
Convert -1000011011111 (base 2) to base 16.
-10df
What is -508 (base 16) in base 6?
-5544
Convert 2454 (base 9) to base 3.
2111211
Convert 3312 (base 6) to base 5.
11024
Convert 280 (base 10) to base 15.
13a
What is -3723 (base 13) in base 10?
-7803
1100120 (base 3) to base 14
507
-12010122 (base 3) to base 16
-e9f
Convert 2173 (base 9) to base 14.
829
What is -21001112 (base 3) in base 11?
-3957
-bc1 (base 14) to base 7
-6531
Convert -1324320 (base 5) to base 16.
-68d3
Convert -1028 (base 13) to base 12.
-135b
10022020022 (base 3) to base 6
1221055
Convert 607c (base 14) to base 15.
4d9e
What is 68e1 (base 15) in base 14?
8181
What is -2302122 (base 4) in base 7?
-45201
-16a89 (base 11) to base 10
-23934
Convert 859 (base 16) to base 2.
100001011001
What is 223035 (base 6) in base 16?
497f
-123202 (base 4) to base 2
-11011100010
What is -32565 (base 8) in base 14?
-4db7
Convert a688 (base 12) to base 4.
10131020
124002 (base 7) to base 9
34466
What is 2144 (base 9) in base 6?
11151
-ef2 (base 16) to base 14
-1574
133234 (base 5) to base 12
3198
-7b1 (base 12) to base 4
-101311
Convert 12c (base 16) to base 5.
2200
Convert -512 (base 12) to base 4.
-23132
What is 11101110010 (base 2) in base 8?
3562
Convert 5a49 (base 13) to base 7.
52063
What is -15591 (base 10) in base 13?
-7134
Convert 1320 (base 14) to base 9.
4543
Convert 805 (base 10) to base 3.
1002211
What is -984 (base 16) in base 7?
-10050
Convert -1438 (base 10) to base 3.
-1222021
-877 (base 10) to base 8
-1555
Convert -18196 (base 11) to base 10.
-25515
Convert -1301423 (base 5) to base 16.
-6296
Convert 100101000100001 (base 2) to base 4.
10220201
Convert -71771 (base 8) to base 11.
-20340
101011110001 (base 2) to base 16
af1
What is 352 (base 15) in base 9?
1025
Convert 26828 (base 10) to base 14.
9ac4
What is 345 (base 15) in base 10?
740
What is -3214 (base 5) in base 9?
-532
17a72 (base 14) to base 13
21221
-3044300 (base 5) to base 2
-1100001100011110
What is -1022 (base 6) in base 10?
-230
22a (base 11) to base 6
1134
12166 (base 9) to base 10
8160
Convert 3331 (base 7) to base 4.
102232
Convert 2035 (base 16) to base 14.
300d
What is 1e7 (base 16) in base 14?
26b
-15071 (base 10) to base 6
-153435
-1597 (base 15) to base 13
-2161
What is 291b2 (base 13) in base 6?
1353